{"id":94,"date":"2018-06-22T12:40:10","date_gmt":"2018-06-22T12:40:10","guid":{"rendered":"http:\/\/wp12946639.server-he.de\/scadotest\/?page_id=94"},"modified":"2020-01-12T15:02:21","modified_gmt":"2020-01-12T15:02:21","slug":"gutes-der-lausitz","status":"publish","type":"page","link":"https:\/\/gut-scado.de\/?page_id=94","title":{"rendered":"Lausitzer Landlust"},"content":{"rendered":"<h1>Lausitzer Landlust<\/h1>\n<p>Hier m\u00f6chten wir unseren G\u00e4sten einige tolle Empfehlungen f\u00fcr den Aufenthalt auf Gut Scado geben. Finden Sie kulinarische und sehenswerte Geheimtipps bei Ihrem Besuch in der Lausitz.<\/p>\n<h2><a href=\"https:\/\/gut-scado.de\/?page_id=111\">Gastronomie<\/a><\/h2>\n<p><a href=\"https:\/\/gut-scado.de\/?page_id=111\"><img loading=\"lazy\" decoding=\"async\" class=\"alignnone wp-image-141 size-medium\" src=\"https:\/\/gut-scado.de\/wp-content\/uploads\/2018\/07\/leuchtturm-300x197.jpg\" alt=\"\" width=\"300\" height=\"197\" srcset=\"https:\/\/gut-scado.de\/wp-content\/uploads\/2018\/07\/leuchtturm-300x197.jpg 300w, https:\/\/gut-scado.de\/wp-content\/uploads\/2018\/07\/leuchtturm-768x505.jpg 768w, https:\/\/gut-scado.de\/wp-content\/uploads\/2018\/07\/leuchtturm-1024x674.jpg 1024w, https:\/\/gut-scado.de\/wp-content\/uploads\/2018\/07\/leuchtturm.jpg 1176w\" sizes=\"auto, (max-width: 300px) 100vw, 300px\" \/><\/a><\/p>\n<h2><a href=\"https:\/\/gut-scado.de\/?page_id=154\">Bio H\u00f6fe | Einkauf<\/a><\/h2>\n<p><a href=\"https:\/\/gut-scado.de\/?page_id=154\"><img loading=\"lazy\" decoding=\"async\" class=\"alignnone wp-image-143 size-medium\" src=\"https:\/\/gut-scado.de\/wp-content\/uploads\/2018\/07\/bauernhof-300x200.jpg\" alt=\"\" width=\"300\" height=\"200\" srcset=\"https:\/\/gut-scado.de\/wp-content\/uploads\/2018\/07\/bauernhof-300x200.jpg 300w, https:\/\/gut-scado.de\/wp-content\/uploads\/2018\/07\/bauernhof-768x512.jpg 768w, https:\/\/gut-scado.de\/wp-content\/uploads\/2018\/07\/bauernhof-1024x682.jpg 1024w, https:\/\/gut-scado.de\/wp-content\/uploads\/2018\/07\/bauernhof-210x140.jpg 210w, https:\/\/gut-scado.de\/wp-content\/uploads\/2018\/07\/bauernhof.jpg 1280w\" sizes=\"auto, (max-width: 300px) 100vw, 300px\" \/><\/a><\/p>\n","protected":false},"excerpt":{"rendered":"<p>Lausitzer Landlust Hier m\u00f6chten wir unseren G\u00e4sten einige tolle Empfehlungen f\u00fcr den Aufenthalt auf Gut Scado geben. Finden Sie kulinarische und sehenswerte Geheimtipps bei Ihrem Besuch in der Lausitz. Gastronomie&#8230; <\/p>\n","protected":false},"author":1,"featured_media":0,"parent":0,"menu_order":0,"comment_status":"closed","ping_status":"closed","template":"","meta":{"two_page_speed":[],"footnotes":""},"class_list":["post-94","page","type-page","status-publish","hentry"],"_links":{"self":[{"href":"https:\/\/gut-scado.de\/index.php?rest_route=\/wp\/v2\/pages\/94","targetHints":{"allow":["GET"]}}],"collection":[{"href":"https:\/\/gut-scado.de\/index.php?rest_route=\/wp\/v2\/pages"}],"about":[{"href":"https:\/\/gut-scado.de\/index.php?rest_route=\/wp\/v2\/types\/page"}],"author":[{"embeddable":true,"href":"https:\/\/gut-scado.de\/index.php?rest_route=\/wp\/v2\/users\/1"}],"replies":[{"embeddable":true,"href":"https:\/\/gut-scado.de\/index.php?rest_route=%2Fwp%2Fv2%2Fcomments&post=94"}],"version-history":[{"count":21,"href":"https:\/\/gut-scado.de\/index.php?rest_route=\/wp\/v2\/pages\/94\/revisions"}],"predecessor-version":[{"id":289,"href":"https:\/\/gut-scado.de\/index.php?rest_route=\/wp\/v2\/pages\/94\/revisions\/289"}],"wp:attachment":[{"href":"https:\/\/gut-scado.de\/index.php?rest_route=%2Fwp%2Fv2%2Fmedia&parent=94"}],"curies":[{"name":"wp","href":"https:\/\/api.w.org\/{rel}","templated":true}]}}